{"id":477,"date":"2020-07-25T18:19:20","date_gmt":"2020-07-25T18:19:20","guid":{"rendered":"http:\/\/antologiapma.com\/?page_id=477"},"modified":"2020-07-25T20:07:40","modified_gmt":"2020-07-25T20:07:40","slug":"formulario-de-contacto","status":"publish","type":"page","link":"https:\/\/antologiapma.com\/?page_id=477","title":{"rendered":"Contacto"},"content":{"rendered":"<div id=\"pl-477\"  class=\"panel-layout\" ><div id=\"pg-477-0\"  class=\"panel-grid panel-has-style\" ><div class=\"siteorigin-panels-stretch row-justification-left panel-row-style panel-row-style-for-477-0\" style=\"margin-bottom: 0; \" data-stretch-type=\"full\" ><div id=\"pgc-477-0-0\"  class=\"panel-grid-cell\" ><div id=\"panel-477-0-0-0\" class=\"so-panel widget_sow-headline panel-first-child panel-last-child\" data-index=\"0\" ><div class=\"so-widget-sow-headline so-widget-sow-headline-default-0e239c069687\"><div class=\"sow-headline-container \">\n\t\t\t\t\t\t<div class=\"decoration\">\n\t\t\t\t\t\t<div class=\"decoration-inside\"><\/div>\n\t\t\t\t\t<\/div>\n\t\t\t\t\t<\/div><\/div><\/div><\/div><\/div><\/div><div id=\"pg-477-1\"  class=\"panel-grid panel-has-style\" ><div class=\"siteorigin-panels-stretch row-justification-left panel-row-style panel-row-style-for-477-1\" style=\"margin-bottom: 0; \" data-stretch-type=\"full\" ><div id=\"pgc-477-1-0\"  class=\"panel-grid-cell\" ><div id=\"panel-477-1-0-0\" class=\"so-panel widget_sow-headline panel-first-child\" data-index=\"1\" ><div class=\"so-widget-sow-headline so-widget-sow-headline-default-19a4495dad58\"><div class=\"sow-headline-container \">\n\t<h2 class='sow-headline'>Env\u00edanos un mensaje.<\/h2><\/div><\/div><\/div><div id=\"panel-477-1-0-1\" class=\"so-panel widget_sow-contact-form panel-last-child\" data-index=\"2\" ><div class=\"so-widget-sow-contact-form so-widget-sow-contact-form-default-937a1fd14aae\"><h3 class=\"widget-title\">S<\/h3>\t<form action=\"\/index.php?rest_route=%2Fwp%2Fv2%2Fpages%2F477#contact-form-e16c\"\n          method=\"POST\" class=\"sow-contact-form\" id=\"contact-form-e16c\">\n\n\t\t\n\t\t            <div class=\"sow-form-field sow-form-field-name\"><label class=\"sow-form-field-label-above\" for=\"sow-contact-form-field-nombre-562e5fae0271d\"><strong>Nombre<\/strong><\/label>\n\t\t\t<span class=\"sow-field-container\">\t\t<input type=\"text\" name=\"nombre-562e5fae0271d\" id=\"sow-contact-form-field-nombre-562e5fae0271d\" value=\"\" class=\"sow-text-field\"\/>\n\t\t<\/span><\/div>            <div class=\"sow-form-field sow-form-field-email\"><label class=\"sow-form-field-label-above\" for=\"sow-contact-form-field-direccin-de-correo-562e5fae0271d\"><strong>Direcci\u00f3n de correo<\/strong><\/label>\n\t\t\t<span class=\"sow-field-container\">\t\t<input type=\"email\" name=\"direccin-de-correo-562e5fae0271d\" id=\"sow-contact-form-field-direccin-de-correo-562e5fae0271d\" value=\"\" class=\"sow-text-field\"\/>\n\t\t<\/span><\/div>            <div class=\"sow-form-field sow-form-field-subject\"><label class=\"sow-form-field-label-above\" for=\"sow-contact-form-field-asunto-562e5fae0271d\"><strong>Asunto<\/strong><\/label>\n\t\t\t<span class=\"sow-field-container\">\t\t<input type=\"text\" name=\"asunto-562e5fae0271d\" id=\"sow-contact-form-field-asunto-562e5fae0271d\" value=\"\" class=\"sow-text-field\"\/>\n\t\t<\/span><\/div>            <div class=\"sow-form-field sow-form-field-textarea\"><label class=\"sow-form-field-label-above\" for=\"sow-contact-form-field-mensaje-562e5fae0271d\"><strong>Mensaje<\/strong><\/label>\n\t\t\t<span class=\"sow-field-container\">\t\t<textarea name=\"mensaje-562e5fae0271d\" id=\"sow-contact-form-field-mensaje-562e5fae0271d\" rows=\"10\"><\/textarea>\n\t\t<\/span><\/div>\t\t<input type=\"hidden\" name=\"instance_hash\" value=\"e16c2c20aed9ec616443825a683f4aac\" \/>\n\t\t<input type=\"hidden\" id=\"_wpnonce\" name=\"_wpnonce\" value=\"348b21f1f1\" \/><input type=\"hidden\" name=\"_wp_http_referer\" value=\"\/index.php?rest_route=%2Fwp%2Fv2%2Fpages%2F477\" \/>\n\t\t\t\t\t<div class=\"sow-recaptcha\"\n\t\t\t\t data-config=\"{&quot;sitekey&quot;:&quot;6LcMILYZAAAAAIWEFr2bGQddv2xzbGX1C6c3c2uj&quot;,&quot;theme&quot;:&quot;light&quot;,&quot;type&quot;:&quot;image&quot;,&quot;size&quot;:&quot;normal&quot;}\"><\/div>\n\t\t\n\t\t<div class=\"sow-submit-wrapper \">\n\t\t\t<input type=\"submit\" value=\"Enviar\" class=\"sow-submit\"\n\t\t\t\t   \t\t\t>\n\t\t<\/div>\n\t<\/form>\n\t<\/div><\/div><\/div><div id=\"pgc-477-1-1\"  class=\"panel-grid-cell\" ><div id=\"panel-477-1-1-0\" class=\"so-panel widget_sow-headline panel-first-child\" data-index=\"3\" ><div class=\"so-widget-sow-headline so-widget-sow-headline-default-19a4495dad58\"><div class=\"sow-headline-container \">\n\t<\/div><\/div><\/div><div id=\"panel-477-1-1-1\" class=\"so-panel widget_sow-editor\" data-index=\"4\" ><div class=\"so-widget-sow-editor so-widget-sow-editor-base\">\n<div class=\"siteorigin-widget-tinymce textwidget\">\n\t<p><em><span style=\"color: #818181;\">Antolog\u00eda de historietas paname\u00f1as es un proyecto de <\/span><\/em><\/p>\n<div class=\"textwidget\">\n<p><em><span style=\"color: #818181;\">Editorial Me\u00f1a, S. A.<\/span><\/em><\/p>\n<p>Ciudad de Panam\u00e1, Panam\u00e1<\/p>\n<p>info@antologiapma.com<\/p>\n<\/div>\n<\/div>\n<\/div><\/div><div id=\"panel-477-1-1-2\" class=\"so-panel widget_sow-social-media-buttons panel-last-child\" data-index=\"5\" ><div class=\"so-widget-sow-social-media-buttons so-widget-sow-social-media-buttons-wire-3a8a9b51e66b\">\n\n<div class=\"social-media-button-container\">\n\t\n\t\t<a class=\"ow-button-hover sow-social-media-button-facebook-0 sow-social-media-button\" title=\"Antolog\u00eda de Historietas Paname\u00f1as on Facebook\" aria-label=\"Antolog\u00eda de Historietas Paname\u00f1as on Facebook\" target=\"_blank\" rel=\"noopener noreferrer\" href=\"https:\/\/www.facebook.com\/AntologiaHistorietasPma\/\" >\n\t\t\t<span>\n\t\t\t\t\t\t\t\t<span class=\"sow-icon-fontawesome sow-fab\" data-sow-icon=\"&#xf39e;\"\n\t\t ><\/span>\t\t\t\t\t\t\t<\/span>\n\t\t<\/a>\n\t\n\t\t<a class=\"ow-button-hover sow-social-media-button-instagram-0 sow-social-media-button\" title=\"Antolog\u00eda de Historietas Paname\u00f1as on Instagram\" aria-label=\"Antolog\u00eda de Historietas Paname\u00f1as on Instagram\" target=\"_blank\" rel=\"noopener noreferrer\" href=\"https:\/\/www.instagram.com\/antologiahistorietaspma\/\" >\n\t\t\t<span>\n\t\t\t\t\t\t\t\t<span class=\"sow-icon-fontawesome sow-fab\" data-sow-icon=\"&#xf16d;\"\n\t\t ><\/span>\t\t\t\t\t\t\t<\/span>\n\t\t<\/a>\n\t<\/div>\n<\/div><\/div><\/div><\/div><\/div><\/div>","protected":false},"excerpt":{"rendered":"<p>Antolog\u00eda de historietas paname\u00f1as es un proyecto de Editorial Me\u00f1a, S. A. Ciudad de Panam\u00e1, Panam\u00e1 info@antologiapma.com<\/p>\n","protected":false},"author":1,"featured_media":0,"parent":0,"menu_order":0,"comment_status":"closed","ping_status":"closed","template":"","meta":{"spay_email":""},"yoast_head":"<!-- This site is optimized with the Yoast SEO plugin v15.2 - https:\/\/yoast.com\/wordpress\/plugins\/seo\/ -->\n<title>Contacto - Antolog\u00eda de Historietas Paname\u00f1as<\/title>\n<meta name=\"robots\" content=\"index, follow, max-snippet:-1, max-image-preview:large, max-video-preview:-1\" \/>\n<link rel=\"canonical\" href=\"https:\/\/antologiapma.com\/?page_id=477\" \/>\n<meta property=\"og:locale\" content=\"en_US\" \/>\n<meta property=\"og:type\" content=\"article\" \/>\n<meta property=\"og:title\" content=\"Contacto - Antolog\u00eda de Historietas Paname\u00f1as\" \/>\n<meta property=\"og:description\" content=\"Antolog\u00eda de historietas paname\u00f1as es un proyecto de Editorial Me\u00f1a, S. A. Ciudad de Panam\u00e1, Panam\u00e1 info@antologiapma.com\" \/>\n<meta property=\"og:url\" content=\"https:\/\/antologiapma.com\/?page_id=477\" \/>\n<meta property=\"og:site_name\" content=\"Antolog\u00eda de Historietas Paname\u00f1as\" \/>\n<meta property=\"article:modified_time\" content=\"2020-07-25T20:07:40+00:00\" \/>\n<meta name=\"twitter:card\" content=\"summary_large_image\" \/>\n<meta name=\"twitter:label1\" value=\"Written by\">\n\t<meta name=\"twitter:data1\" value=\"r.de@ieee.org\">\n\t<meta name=\"twitter:label2\" value=\"Est. reading time\">\n\t<meta name=\"twitter:data2\" value=\"0 minutes\">\n<script type=\"application\/ld+json\" class=\"yoast-schema-graph\">{\"@context\":\"https:\/\/schema.org\",\"@graph\":[{\"@type\":\"WebSite\",\"@id\":\"https:\/\/antologiapma.com\/#website\",\"url\":\"https:\/\/antologiapma.com\/\",\"name\":\"Antologia de Historietas Paname\\u00f1as\",\"description\":\"La primera antolog\\u00eda del c\\u00f3mic paname\\u00f1o\",\"potentialAction\":[{\"@type\":\"SearchAction\",\"target\":\"https:\/\/antologiapma.com\/?s={search_term_string}\",\"query-input\":\"required name=search_term_string\"}],\"inLanguage\":\"en-US\"},{\"@type\":\"WebPage\",\"@id\":\"https:\/\/antologiapma.com\/?page_id=477#webpage\",\"url\":\"https:\/\/antologiapma.com\/?page_id=477\",\"name\":\"Contacto - Antolog\\u00eda de Historietas Paname\\u00f1as\",\"isPartOf\":{\"@id\":\"https:\/\/antologiapma.com\/#website\"},\"datePublished\":\"2020-07-25T18:19:20+00:00\",\"dateModified\":\"2020-07-25T20:07:40+00:00\",\"inLanguage\":\"en-US\",\"potentialAction\":[{\"@type\":\"ReadAction\",\"target\":[\"https:\/\/antologiapma.com\/?page_id=477\"]}]}]}<\/script>\n<!-- \/ Yoast SEO plugin. -->","_links":{"self":[{"href":"https:\/\/antologiapma.com\/index.php?rest_route=\/wp\/v2\/pages\/477"}],"collection":[{"href":"https:\/\/antologiapma.com\/index.php?rest_route=\/wp\/v2\/pages"}],"about":[{"href":"https:\/\/antologiapma.com\/index.php?rest_route=\/wp\/v2\/types\/page"}],"author":[{"embeddable":true,"href":"https:\/\/antologiapma.com\/index.php?rest_route=\/wp\/v2\/users\/1"}],"replies":[{"embeddable":true,"href":"https:\/\/antologiapma.com\/index.php?rest_route=%2Fwp%2Fv2%2Fcomments&post=477"}],"version-history":[{"count":20,"href":"https:\/\/antologiapma.com\/index.php?rest_route=\/wp\/v2\/pages\/477\/revisions"}],"predecessor-version":[{"id":499,"href":"https:\/\/antologiapma.com\/index.php?rest_route=\/wp\/v2\/pages\/477\/revisions\/499"}],"wp:attachment":[{"href":"https:\/\/antologiapma.com\/index.php?rest_route=%2Fwp%2Fv2%2Fmedia&parent=477"}],"curies":[{"name":"wp","href":"https:\/\/api.w.org\/{rel}","templated":true}]}}